{"id":23,"date":"2014-12-09T13:05:54","date_gmt":"2014-12-09T13:05:54","guid":{"rendered":"http:\/\/ecolecaritas.be\/new\/?page_id=23"},"modified":"2024-03-19T09:45:47","modified_gmt":"2024-03-19T08:45:47","slug":"lequipe-de-lap","status":"publish","type":"page","link":"https:\/\/ecolecaritas.be\/new\/lequipe-de-lap\/","title":{"rendered":"L&rsquo;\u00e9quipe de l&rsquo;AP"},"content":{"rendered":"<p><!--StartFragment --><\/p>\n<div>Bienvenue sur notre page &lsquo;AP&rsquo; !<\/div>\n<div><\/div>\n<div>Cette page servira pour vous tenir inform\u00e9s des activit\u00e9s de notre Association des Parents. N&rsquo;h\u00e9sitez pas \u00e0 nous contacter si vous avez des questions, des propositions, des id\u00e9es,&#8230; Nous sommes une association active, ouverte \u00e0 tous.<\/div>\n<div><\/div>\n<div>Notre adresse mail est: ap.caritas@gmail.com<\/div>\n<div><\/div>\n<div>Merci d&rsquo;avance pour votre soutien et votre aide \u00e0 notre AP !<\/div>\n<div><\/div>\n<div>Au plaisir de vous rencontrer lors de nos activit\u00e9s,<\/div>\n<div>l&rsquo;AP<\/div>\n<div><\/div>\n<div>Pr\u00e9sidente: Nathalie Dodemont<br \/>\nTr\u00e9sorier: Tanguy Gicquel<br \/>\nSecr\u00e9taire: Anne Sophie Vancraeynest ou Sandrine Hap<\/div>\n<p><!--EndFragment --><\/p>\n","protected":false},"excerpt":{"rendered":"<div class=\"mh-excerpt\"><p>Bienvenue sur notre page &lsquo;AP&rsquo; ! Cette page servira pour vous tenir inform\u00e9s des activit\u00e9s de notre Association des Parents. N&rsquo;h\u00e9sitez pas \u00e0 nous contacter <a class=\"mh-excerpt-more\" href=\"https:\/\/ecolecaritas.be\/new\/lequipe-de-lap\/\" title=\"L&rsquo;\u00e9quipe de l&rsquo;AP\">[&#8230;]<\/a><\/p>\n<\/div>","protected":false},"author":1,"featured_media":0,"parent":0,"menu_order":0,"comment_status":"closed","ping_status":"open","template":"","meta":{"footnotes":""},"class_list":["post-23","page","type-page","status-publish","hentry"],"_links":{"self":[{"href":"https:\/\/ecolecaritas.be\/new\/wp-json\/wp\/v2\/pages\/23","targetHints":{"allow":["GET"]}}],"collection":[{"href":"https:\/\/ecolecaritas.be\/new\/wp-json\/wp\/v2\/pages"}],"about":[{"href":"https:\/\/ecolecaritas.be\/new\/wp-json\/wp\/v2\/types\/page"}],"author":[{"embeddable":true,"href":"https:\/\/ecolecaritas.be\/new\/wp-json\/wp\/v2\/users\/1"}],"replies":[{"embeddable":true,"href":"https:\/\/ecolecaritas.be\/new\/wp-json\/wp\/v2\/comments?post=23"}],"version-history":[{"count":7,"href":"https:\/\/ecolecaritas.be\/new\/wp-json\/wp\/v2\/pages\/23\/revisions"}],"predecessor-version":[{"id":160636,"href":"https:\/\/ecolecaritas.be\/new\/wp-json\/wp\/v2\/pages\/23\/revisions\/160636"}],"wp:attachment":[{"href":"https:\/\/ecolecaritas.be\/new\/wp-json\/wp\/v2\/media?parent=23"}],"curies":[{"name":"wp","href":"https:\/\/api.w.org\/{rel}","templated":true}]}}

L&rsquo;équipe de l&rsquo;AP

<p><!--StartFragment --></p>
<div>Bienvenue sur notre page &lsquo;AP&rsquo; !</div>
<div></div>
<div>Cette page servira pour vous tenir informés des activités de notre Association des Parents. N&rsquo;hésitez pas à nous contacter si vous avez des questions, des propositions, des idées,&#8230; Nous sommes une association active, ouverte à tous.</div>
<div></div>
<div>Notre adresse mail est: ap.caritas@gmail.com</div>
<div></div>
<div>Merci d&rsquo;avance pour votre soutien et votre aide à notre AP !</div>
<div></div>
<div>Au plaisir de vous rencontrer lors de nos activités,</div>
<div>l&rsquo;AP</div>
<div></div>
<div>Présidente: Nathalie Dodemont<br />
Trésorier: Tanguy Gicquel<br />
Secrétaire: Anne Sophie Vancraeynest ou Sandrine Hap</div>
<p><!--EndFragment --></p>

<div class="mh-excerpt"><p>Bienvenue sur notre page &lsquo;AP&rsquo; ! Cette page servira pour vous tenir informés des activités de notre Association des Parents. N&rsquo;hésitez pas à nous contacter <a class="mh-excerpt-more" href="https://ecolecaritas.be/new/lequipe-de-lap/" title="L&rsquo;équipe de l&rsquo;AP">[&#8230;]</a></p>
</div>
